posite number?
False
Suppose 0 = f + 6*f - 28. Suppose -3*i + 1485 = 3*g, f*i + 1952 = 4*g + i. Is g composite?
False
Suppose y + 9 = k, -2*k + 4*y + 28 = -0*k. Let r(a) = 9*a + 1. Let o be r(6). Suppose k*m = o + 221. Is m prime?
False
Let s = 33 + -2. Let i be (1 - s)*1218/28. Let q = 790 - i. Is q prime?
False
Suppose -2*o + 10 = 0, -2*y - 5*o = y + 11516. Let h be -2 + (-5677 - ((-15)/1)/(-5)). Let c = y - h. Is c a prime number?
False
Let f(c) = -16*c**2 + 14*c - 33. Let p(y) = 133 + 41*y**2 + 23*y**2 - 33*y + 16*y - 40*y. Let r(g) = -9*f(g) - 2*p(g). Is r(16) a composite number?
True
Suppose 10*o - 6*o + 4*g = 833644, -5*g - 15 = 0. Is o prime?
False
Let r be 1*2/(-1) + -2 + 27768. Let s = r - 16291. Suppose 0 = 4*k + 3*k - s. Is k composite?
True
Let k(q) be the third derivative of -7/6*q**3 + 0 - 16*q**2 + 0*q + 7/12*q**5 + 17/24*q**4. Is k(-6) a composite number?
False
Suppose 0 = -3*h + d + 31625, -4626 = -2*h + d + 16458. Is h a prime number?
False
Suppose g - 14957 = 4*p, -206*g + 209*g - 44863 = 4*p. Is g a composite number?
True
Let d(i) = 15*i + 1037. Is d(32) a composite number?
True
Let h be (1 + -2)*(0 - 0). Suppose h = -3*l + 575 + 199. Let f = l - 125. Is f a prime number?
False
Let o(p) = -361*p + 193. Suppose -111*a = -115*a - 112. Is o(a) a composite number?
False
Let t = 8832 - -8282. Suppose -36*f + 38*f - t = 0. Is f prime?
False
Suppose 45*b + 180 = 41*b. Let u = 47 + b. Is (6 + -1)/(2*u/28) composite?
True
Let g(z) = -104*z**3 - 3*z**2 + 9*z - 5. Suppose 5*j + 34 = -4*r, 13*r - 14*r = 1. Is g(j) prime?
False
Let d(q) = q**3 + 16*q**2 - 16*q + 5. Let a be d(14). Let b = 10412 - a. Is b a prime number?
True
Suppose -153202*p = -153210*p + 1872008. Is p composite?
True
Let d = 47 + -42. Let t(m) = m**3 - 5*m**2 - 2*m + 10. Let v be t(d). Suppose -5*f + 585 = -4*r, 4*r - 2*r - 10 = v. Is f a composite number?
True
Is (2/2)/(28/700588) composite?
True
Suppose 5*f = -8 + 8. Suppose 4*w = k + 9747, -2*w - 2*w - 3*k + 9751 = f. Is w composite?
False
Let n(x) = -5*x**3 - 2*x**2 + 3*x + 4. Let j(a) = -a**3 + 5*a**2 - a + 3. Let d be j(5). Let l be n(d). Suppose b - l = -9. Is b a prime number?
False
Let x be (3166 - 0)*(7 + (-78)/12). Suppose 3*p = 12, p + 11586 = c + x. Is c a prime number?
True
Let h = 115 + -113. Suppose -4*k = -4*b - h*k + 1668, -5*k - 399 = -b. Is b prime?
True
Suppose -r + 21154 + 27415 = -d, -2*d = 2*r - 97114. Is r prime?
True
Let h be ((-3)/(-2))/(3/16). Let j(u) be the second derivative of 23*u**3/6 + 7*u**2/2 + 118*u. Is j(h) a prime number?
True
Let x(j) = 3665*j - 1857. Is x(8) a prime number?
False
Let z = -35882 - -141609. Is z a composite number?
False
Let d(o) = 10 - o - 11 + 0*o. Let a be d(-3). Suppose 251 + 164 = 5*p + 2*v, -165 = -a*p - v. Is p a composite number?
True
Suppose -177*r + 174*r - 37811 = -5*l, 2*r + 4 = 0. Is l a composite number?
False
Is (-2)/(-21) - (57886720/(-336) - -11) composite?
True
Let v = 395 + -395. Is 6 + -3 + v + 4718 prime?
True
Let m(t) = 88 - 14*t + 3*t + 12*t**2 - t**3 - 84. Let l be m(11). Suppose -8*v - l*v = -5820. Is v a prime number?
False
Let m be (-15 + 29)*(-8)/((-2)/1). Let y = m + -14. Is 6/21 - (-24894)/y a prime number?
True
Let m(f) = 3512*f + 12. Let j(n) = 3513*n + 13. Let z(t) = -7*j(t) + 6*m(t). Is z(-8) a prime number?
False
Suppose 390504 + 228492 = 84*f. Is f a composite number?
False
Suppose -p + 5*p = 29264. Suppose -15*f = -11*f + p. Is (-1)/(-2)*(9 - f) a prime number?
True
Suppose -13*p + 1416 = -9*p. Is p/4*(-836)/(-114) composite?
True
Let p(s) = -4*s**2 - 48*s + 5. Let y be p(-12). Suppose 4*v = 3*w - w + 882, y*w = v - 198. Is v a prime number?
True
Let m(q) = 37*q**2 + 43*q - 487. Is m(24) prime?
False
Let i(s) = 8 + s**3 + 1 - 7*s**2 - 3*s + 0. Let t be i(7). Is (t/(-3))/(-12)*-57 a composite number?
False
Suppose 5*c = 5*i + 1610, i + 1626 = -4*i + c. Let z = i - -6373. Is z a composite number?
False
Is 492232 - (42/9 - 27/(-81)) a composite number?
False
Let x be ((-56)/24)/7*-18. Suppose -2*p + x*p = 234404. Is p a prime number?
True
Let k(n) = 2265*n**2 + 73*n + 1569. Is k(-19) a composite number?
True
Suppose 4*a - 1 = -5*q + 39, -a + 5 = 0. Suppose 4*d + 8 = 4*h - 2*h, 21 = q*h - 3*d. Suppose h*v + 3*v - 36999 = 0. Is v a composite number?
False
Let s(q) = 2618*q**2 + 728*q - 5067. Is s(7) a prime number?
True
Suppose 3*t - 149975 = 10213 + 21579. Is t a prime number?
True
Suppose -2*n = o - 5726876, -n + 1143*o - 1140*o + 2863459 = 0. Is n a prime number?
False
Let v be (8 - (-533)/(-65))/(2/(-10)). Is (-320664)/(-60) + 3*v/5 composite?
True
Suppose -10*f + 15 = -5*f. Let q be (15/6)/((-2)/(-4)). Suppose 4*y + q*t = 192, 5*y - f*t = -4*t + 261. Is y a composite number?
False
Let p(b) = 3*b**3 + 45*b**2 - 434*b + 19. Is p(9) prime?
False
Let j(i) = -6 - 17*i**3 - 5*i**2 + 3*i**2 - 6 - 176*i + 178*i. Is j(-5) composite?
False
Suppose -3*n - 179 = -2*y, 3*n - y = -121 - 60. Let r = 63 + n. Is (-1)/r - (-22488)/16 composite?
True
Suppose 2*y = 114986 + 76224. Is y a prime number?
False
Let q = -694 - -1818. Let a = q + -429. Is a a composite number?
True
Let o(c) = c**2 - 556*c - 1774. Is o(-125) composite?
True
Suppose -10*p = -5*p - 25. Let f be (-3 + (-34)/(-10))*p. Suppose -3*a + 23 = f*g, 4*a - 2 + 3 = -g. Is g a prime number?
True
Let s(p) = 508*p**2 + 63*p - 1063. Is s(18) a prime number?
True
Let c = -115115 + 185068. Is c a composite number?
True
Suppose n + k + 3*k - 614 = 0, 4*k + 2950 = 5*n. Suppose -5 = -21*o + 22*o, -5*o + 276 = x. Let d = n - x. Is d a composite number?
False
Let z be 3 + -1 - 192/18*3. Let m be z/(-45)*(2035*-1 - -1). Let k = m + 2605. Is k a composite number?
False
Is (-380203 - -35)*(-7 - 90/(-48)) a prime number?
False
Let n(a) = 5284*a**3 + 20*a**2 + 3*a + 10. Is n(3) a composite number?
False
Let m = 15 - 170. Let g = m - -3748. Is g composite?
False
Is 21/(-14)*(-4569578)/39 prime?
True
Let n(q) = 611*q + 55906. Is n(0) composite?
True
Suppose -10*g - 2033 + 432363 = 0. Suppose -g = -5*x + 3*q, x - q - q = 8601. Is x prime?
True
Is (-47927 - -24)/((12/(-21))/4) composite?
True
Let r(h) = -h + 10. Let g be r(6). Let q be (2/g)/((-2)/2020). Let l = q - -1092. Is l composite?
False
Is ((-11369)/(-2))/(38/76) a prime number?
True
Let w be -23 + 28 + 16/(-2). Is (-6)/(-18) + 13/w + 1625 composite?
False
Let m(k) = 2*k**3 - 11*k**2 + 30*k - 4. Let n be 1/((-2)/(-56)*(3 + 1)). Is m(n) prime?
True
Suppose -u + 2*b + 677 = 0, -11*u + 10*u - b + 671 = 0. Is u composite?
False
Let y = 110 + -111. Is (y - -629) + 175/35 prime?
False
Let m(s) = 1390*s - 1453. Is m(33) a composite number?
False
Let g(o) = -601*o + 1358. Is g(-43) a composite number?
True
Let x = 2311 - 2235. Let w be (-3)/(-12) + 4822/8. Let i = w + x. Is i prime?
False
Let w(i) = -599*i - 5. Suppose -4*k - 4*j - 12 = 0, 4 = 2*j + 6. Is w(k) a prime number?
True
Is (93/31 - 19/7) + 525005/7 a prime number?
False
Let m(b) = 158*b - 31. Let t(x) = 156*x - 33. Let a(w) = 5*m(w) - 6*t(w). Is a(-9) composite?
True
Let i = -63 + 67. Suppose -2*k = i*p - 38, -2*k = -5*k + 3*p + 84. Suppose -k*u + 30*u = 24925. Is u prime?
False
Let b(u) = -2*u + 1. Let g(q) = -5242*q - 13. Let j(k) = -6*b(k) - g(k). Is j(3) a prime number?
False
Let u(m) = 467*m**2 + 2*m - 3. Let t be u(4). Suppose 4*i + 2*q - 9960 = 7*q, 3*i = 2*q + t. Is i a composite number?
True
Is (1228/(-12))/(2*2/(-4308)) composite?
True
Suppose 3*n + 119*g = 114*g + 61994, 2*n - 4*g = 41322. Is n composite?
False
Is (23891231/(-39))/(84/(-36)) a composite number?
False
Let l(o) = -o + 1. Let v(z) = 1344*z + 6. Let i(n) = -12*l(n) + 3*v(n). Let u be i(5). Let s = u + -13627. Is s a composite number?
False
Is ((-11034664)/(-69) - 11)/(1/3) a prime number?
False
Suppose 0 = 93*w + 5429581 - 17109544. Is w a composite number?
False
Let j(n) = 8791*n + 101. Is j(16) prime?
False
Suppose 5 = -5*a - 5*j, -a - 8*j = -3*j + 13. Suppose t = a*t + 3, 446 = y - t. Let c = 808 - y. Is c prime?
False
Suppose b + 0 = 3*j - 4, 4*b - 11 = 3*j. Suppose 4*o = -5*w + 2123, b*w - 8*w - 1089 = -2*o. Is o a composite number?
True
Suppose -15*r - 235 + 55 = 0. Let w(j) = 12*j**2 + 22*j - 23. Is w(r) a composite number?
True
Let g = -37058 + 65253. Is g prime?
False
Suppose -131 - 805 = -6*h. Let t = 